 -3*h + i + 37, -3*h + 0*i + 5*i = -p. Let d = 249 + -153. Calculate the greatest common divisor of h and d.
12
Suppose -o = -35 - 28. Let a = 1495 - 1486. What is the greatest common divisor of a and o?
9
Let c = 651 + -594. What is the highest common factor of c and 76?
19
Let f be ((-34)/(-8) + -2)*24. Suppose -20*p - 13*p + 12*p + 126 = 0. What is the highest common factor of p and f?
6
Let z = -102 - -132. What is the greatest common divisor of z and 12?
6
Let l(y) = -y**2 + 4*y + 5. Let n be l(4). Let a(u) = u**2 - 4*u + 3. Let q be a(n). Suppose q = 5*f - 7. Calculate the highest common factor of 24 and f.
3
Suppose -9*p = -p - 48. Calculate the greatest common divisor of 6 and p.
6
Let d be (-448)/10*(6 - 54/4). Calculate the greatest common divisor of d and 70.
14
Let k be 4/(1 - 3) + 6*-2. Let o(h) = -h**2 - 14*h + 4. Let l be o(k). What is the greatest common divisor of 12 and l?
4
Suppose 22*s - 532 = 1052. What is the greatest common factor of s and 8?
8
Suppose 4*g = 1117 + 5027. What is the greatest common factor of g and 48?
48
Let b(t) = 10*t**3 - t**2 + t - 1. Let f be b(1). Suppose 4*g = 3 + f. Suppose -g*j + 24 = 3*r, 2*r - r = 3*j. What is the greatest common factor of 12 and r?
6
Suppose 4*a + 5*j = 668, -4*a + 644 = -6*j + 5*j. What is the greatest common factor of 36 and a?
18
Let h be (-72)/14*(-735)/21. Calculate the greatest common divisor of 135 and h.
45
Let o(m) = -m**3 - 8*m**2 - 8*m - 49. Let z be o(-8). Calculate the greatest common factor of z and 45.
15
Suppose 2*t - 1414 = 2*m, -5*t - 5*m + 5428 - 1843 = 0. Suppose 5*u - 3*b = 818 - 92, 5*u = -4*b + t. Calculate the greatest common divisor of 9 and u.
9
Suppose -5*f - 3*c = -214, 3*f + 4*c = 5*c + 134. Suppose 2*z - 11 + 5 = 0. Let t be 16 + (6 - 3) + z. Calculate the highest common divisor of t and f.
22
Suppose -1155 = -0*g - 7*g. Let l = 325 - g. Calculate the highest common factor of 20 and l.
20
Let y be 144/24*5/(30/8). What is the highest common factor of y and 20?
4
Let j be (-2280)/513*-9*1. Calculate the greatest common factor of 64 and j.
8
Suppose 2*d = -5*d + 294. Calculate the greatest common divisor of d and 294.
42
Suppose f + 12 = -5*x, -4*x + 9 = -2*f - 9*x. Suppose f*q = -i + 5, i - 4*q + 3 - 1 = 0. Let g = 0 + 1. What is the highest common divisor of i and g?
1
Let w be (-1)/(-2) - (-46)/4 - -3. Calculate the greatest common divisor of w and 65.
5
Let p(f) = -3 + 8*f - 9*f + 27. Let n be p(-18). Calculate the highest common divisor of 105 and n.
21
Let t be (8/(-20))/(6/(-915)). What is the highest common divisor of t and 488?
61
Suppose -4*m = -7*m + d, 3*m = -2*d + 9. What is the greatest common divisor of 3 and m?
1
Let v(z) = z**3 + 6*z**2 - 10*z - 6. Let w be v(-7). Suppose 6*f - 35 = 145. What is the highest common divisor of w and f?
15
Let f = -785 - -818. Suppose 4*b - 41 = -n, -3*b + 0*b + 3*n = -42. What is the greatest common divisor of f and b?
11
Suppose 2*v = 8, -3*n = -0*v + 2*v - 44. Suppose 2*u - 12 - 12 = 0. Calculate the greatest common factor of n and u.
12
Suppose 22*i = 1425 + 1215. Calculate the highest common factor of 255 and i.
15
Let w(k) = 2*k + 35. Let y be w(16). Let r = 72 - y. What is the greatest common divisor of r and 35?
5
Suppose -442 = 11*s + 6*s. Let w be (24/(-14))/(1/7). Let t = w - s. What is the highest common divisor of t and 14?
14
Let n = -110 - -302. What is the highest common divisor of 24 and n?
24
Let s be (-18)/45 - (-122)/5. Let j = -27 + 12. Let d be ((-18)/j)/(1/10). Calculate the highest common divisor of d and s.
12
Suppose 7*b = 6*b + 6. Suppose 0 = -i + k + 8, 0 = -i - 4*k + b*k + 8. Let g be (-2)/3 + 14/3. Calculate the greatest common factor of g and i.
4
Let g(k) = -k**3 + 3*k**2 - 2*k + 3. Let f be g(2). Suppose -f*b + 88 = -2*b. Let d(m) = 3*m - 7. Let x be d(6). Calculate the highest common factor of x and b.
11
Suppose -h + 188 = -0*h - 4*x, 0 = 4*x + 8. Let d be (8/(-6))/((-8)/h). Suppose -2*g = -p, 5*p + 4*g = -g + 45. Calculate the highest common divisor of d and p.
6
Let u be 16*(3/(-6) + 1). Let g = -161 - -249. Calculate the greatest common divisor of g and u.
8
Let t be -2 - -48 - -6 - (-2 + 7). What is the highest common divisor of t and 235?
47
Suppose -2*b - 3*b + 553 = 3*q, 513 = 3*q - 3*b. Let h = -12795 - -12811. What is the highest common divisor of q and h?
16
Suppose 5*o + 598 = -31*z + 35*z, 0 = 2*o + 4. Calculate the greatest common factor of z and 105.
21
Let a = 231 - 123. Suppose 113*j = a*j + 150. Calculate the highest common factor of j and 12.
6
Let j be -2*1/2 - -141. Let n = j + -70. Suppose 3*i = 242 - 212. What is the highest common factor of n and i?
10
Let u be 20 + 5 + (-35)/5. Suppose 3*l = -4*a + 1, -4*a + 4*l = -2*a - 6. Suppose 0 = -t - a + 7. Calculate the greatest common factor of t and u.
6
Let h = 0 + 0. Suppose 2*t - 3*t + 3 = h. Let d(m) = 2*m**3 + m**2 + 6*m - 5. Let o be d(2). What is the highest common divisor of o and t?
3
Let a(t) = 4*t**2 + 3*t + 375. Let w be a(0). Calculate the highest common divisor of 15 and w.
15
Suppose 2*d + 2*a - 40 = 0, 8*d + 3*a = 3*d + 100. Let g be -1 + d - (2 - (2 + 0)). Calculate the highest common factor of g and 171.
19
Let b = -33 - -47. Suppose 2*r = -3 + 13. Suppose 4*y - 392 = -4*v, 0 = -3*y - v + r*v + 294. Calculate the highest common factor of b and y.
14
Suppose -59*m + 2871 = -30*m. Let b be 2 + -2 + 30 + -3. Suppose 2*x = 5*x - b. What is the highest common factor of x and m?
9
Suppose 0 = -40*p + 841 + 2079. What is the highest common factor of p and 292?
73
Suppose 294 = 7*r - 6*r. Suppose -r = -3*t - u, -t - u = -16 - 80. Let o(l) = -l**2 - 6*l + 6. Let f be o(-5). Calculate the highest common divisor of f and t.
11
Let u = 600 + -574. Calculate the highest common factor of 117 and u.
13
Let c be 33/(-165) + 146*14/20. What is the highest common divisor of c and 442?
34
Let g = 961 - 910. What is the greatest common factor of 21 and g?
3
Let c(q) be the first derivative of q**3/3 - q + 4. Let w be c(-2). Let o be 1 + (3 - w) - -16. Calculate the greatest common divisor of 17 and o.
17
Let g = -8 - -20. Let r be 4/(8/(-12) + 0). Let y = r + g. What is the highest common divisor of 12 and y?
6
Let n = 2883 - 2627. Suppose -3 - 36 = -2*g - 5*d, -3*g + 86 = 2*d. Calculate the highest common divisor of g and n.
32
Let y be 13/(234/(-135))*(-32)/3. What is the highest common factor of 15 and y?
5
Let l(f) = -f**2 - 10*f - 18. Let a be l(-6). Calculate the greatest common factor of 3 and a.
3
Let n(i) = i**2 + 5*i + 9. Let w be n(-5). Suppose 6*r = w*r - 30. What is the greatest common factor of 10 and r?
10
Suppose 0 = -4*i + 3*p + 41, 76 = 4*i - 7*p + 11*p. What is the greatest common divisor of 182 and i?
14
Let w be (4 - 2/1)*1. Suppose 24 = w*z + 6. Let j = -130 + 175. Calculate the greatest common factor of j and z.
9
Let y = 12 + 17. Let o(h) = 2*h**3 - 15*h**2 - 6*h + 13. Let r be o(8). Calculate the highest common factor of r and y.
29
Suppose 4*b = 16, 0*t - 2*b = -3*t + 16. Calculate the highest common divisor of 3 and t.
1
Suppose 0*h = -5*h + 165. Suppose 11 = 4*i - h. Let q = 17 + -6. Calculate the highest common factor of i and q.
11
Suppose 3*b - 20 = -b. Suppose -b*s + 15 + 10 = 0. Suppose -s*v = -2*v - 3. Calculate the highest common divisor of v and 11.
1
Suppose -w - 4*q = -196, 0 = 5*w + 9*q - 6*q - 1065. Calculate the highest common divisor of 12 and w.
12
Let c be -2 + 2 - (-48)/4. Let p be -20*(-6)/4 - 3. Let f be ((-9)/(p/4))/((-1)/36). What is the greatest common factor of c and f?
12
Suppose 2*s = -5*m + 37 + 75, 88 = 4*m + 2*s. What is the greatest common divisor of m and 132?
12
Suppose -5*o - 75*v = -76*v - 150, -v = o - 30. Calculate the greatest common factor of 220 and o.
10
Let n be 0/(-3 - -2) + 5. Let p = -152 + 272. Let d be 1/(243/p - 2). Calculate the highest common divisor of d and n.
5
Let b be 510/8 + 1/4. Suppose 4 = -g + 12. Calculate the highest common factor of b and g.
8
Let d be -12*(-1)/9 - (-17)/3. Let u = 39 - 18. What is the greatest common divisor of d and u?
7
Suppose -9*c - 5*w + 229 = -7*c, 5*w = -5*c + 565. What is the greatest common factor of 14 and c?
14
Let c(w) = 66*w**2 - 4*w - 2. Let q be c(1). Calculate the highest commo